mainder when 19 is divided by g.
5
Let l = 5 - 3. Suppose -m - 197 = -5*v, 0*v - 4*v + 166 = l*m. Calculate the remainder when v is divided by 21.
19
Suppose 0 = -12*z + 11*z + 57. What is the remainder when z is divided by 15?
12
Suppose -m = -0*m - 3. Let o(n) = 3*n**2 + n - 7. Calculate the remainder when o(m) is divided by 6.
5
Suppose 3*a = -19 + 46. Suppose -4*r - 3*b - 2 + a = 0, -r = 3*b - 4. Let t(x) = 20*x**2 - 1. What is the remainder when t(r) is divided by 10?
9
Let z = 0 + 43. Suppose z = 5*m - 72. Suppose 0 = 3*l + 3 - 39. What is the remainder when m is divided by l?
11
Let h(g) = g**3 + 5*g**2 + 3*g - 3. Let m be h(-5). What is the remainder when 1 - (-14)/(-8) - (-630)/40 is divided by m/(-2) - (-1)/(-1)?
7
Let u = 10 - -63. Let z = u + -38. Suppose i + z = 2*i. Calculate the remainder when i is divided by 9.
8
Suppose 0*d + 64 = 4*d. Let l = -1 + d. Calculate the remainder when l is divided by 9.
6
Suppose -w = 3*t + 3, -2*t = -0*w - 2*w + 34. Calculate the remainder when 14 is divided by w.
2
Let y(b) = -b**3 + 18*b**2 + 4*b + 18. What is the remainder when y(18) is divided by 23?
21
Suppose -4*k = k - 435. Calculate the remainder when -3 - (0 + -1 - k) is divided by 22.
19
Suppose 45 = -4*o + 161. Suppose -5*w = 10, -3*w - 2*w + 50 = 4*s. What is the remainder when o is divided by s?
14
Suppose -4*m - 5 - 3 = 0, 30 = 2*a - 5*m. Suppose -70 = -4*z + a. Calculate the remainder when z is divided by 7.
6
Let y be 0 + 2 + 0/1. Suppose 5 = y*g + 2*c - 15, 4*g - 5 = 3*c. What is the remainder when g is divided by 2?
1
Let u(r) = 16*r**2 + 4*r + 2. What is the remainder when u(-2) is divided by -4*2/(-4) - -13?
13
Suppose -20 - 24 = -4*j + 5*x, 55 = 5*j + x. Calculate the remainder when 40 is divided by j.
7
Suppose -4*h + 54 = 2. Calculate the remainder when 245 is divided by h.
11
Let j(i) = 4*i**2 + 2*i + 2. What is the remainder when 47 - 0 - (-3 + -3) is divided by j(-2)?
11
Let w(p) = -p**3 - 3*p**2 - 4*p - 8. Let s be w(-3). Let c = s - -3. What is the remainder when c is divided by 5?
2
Suppose -5*l + 17 = k, 2*l - 11 + 35 = 4*k. Calculate the remainder when 1 + 1 + (-30)/(-3) is divided by k.
5
Let m(t) = -t**3 + t**3 - t**2 + t**3 - 3*t**2 + 4 - 3*t. Calculate the remainder when m(5) is divided by 8.
6
Suppose 0 = -2*g + 13 + 9. Suppose -h - p + g = -2*p, -4*p = 0. Suppose 0 = -b + w + 2*w, 2*b = -5*w + 22. Calculate the remainder when h is divided by b.
5
Suppose 90 = 5*z - 25. Suppose 36 = 2*d - 4*q, 0 = -3*d + 2*q - 7*q + 21. Calculate the remainder when z is divided by d.
11
Suppose -4*a + 231 = g, 2*g + 152 + 24 = 3*a. What is the remainder when a is divided by 30?
28
Suppose 7*c = 5*c + 104. What is the remainder when c is divided by 11?
8
Let l = 3 + -6. Let t(b) be the third derivative of -3*b**4/4 - b**3/3 + 12*b**2. What is the remainder when t(l) is divided by 18?
16
Let p = 18 - 13. Suppose 0 = -5*t - 9 + 64. Let j = 15 - t. Calculate the remainder when p is divided by j.
1
Let x(y) = y**2 + 9*y - 16. Let z be x(-11). Suppose -21 = -3*a - z. Calculate the remainder when 17 is divided by a.
2
What is the remainder when 36 is divided by -4*1/4*(-18 - -1)?
2
Let o be -2*(-2)/4 + 1. Suppose -o*y + 20 = 3*y. Suppose -4*x + 4 = 5*t - 7, y*x - 2*t = 18. Calculate the remainder when x is divided by 3.
1
Let a = -2 + 6. Suppose a*w - 5*v = -16, v = -w - 0 - 4. Let t = w - -10. What is the remainder when 21 is divided by t?
3
Suppose 2*i = -i + 21. Suppose 11 = 5*b + 41. Let z = b - -10. What is the remainder when i is divided by z?
3
What is the remainder when (-2)/(-20) - (-10612)/280 is divided by 1 - -14 - (5 + -3)?
12
Let x(i) = 4*i - 2*i - i. What is the remainder when -3*1*(-14)/3 is divided by x(4)?
2
Let b = 74 - 57. What is the remainder when 2 - -64 - 0/(-4) is divided by b?
15
Suppose 0 = b + 3*h - 18 - 0, -3*b = -h - 4. Suppose -b*y = u - 13, 3*u + 4 = 4*u. Calculate the remainder when 7 is divided by y.
1
Calculate the remainder when ((-45)/(-2))/(-12*5/(-80)) is divided by 14.
2
Suppose -2*s + 6*s - 3*r = 995, s = -2*r + 235. Suppose 5*n + 0*n = s. Calculate the remainder when n is divided by 13.
10
Calculate the remainder when 15 is divided by (-6)/9 - 42/(-9).
3
Suppose 0 = -2*l + 6, 0*l + 1 = 2*n - l. Suppose 4*x + n*f - 3 = 13, 3*f - 12 = 0. Calculate the remainder when 4 is divided by x.
0
Let h = -32 - -49. Let w = 10 + -5. Suppose -24 = -w*f + f. Calculate the remainder when h is divided by f.
5
Suppose 4*p - 5*w = 330, -w = -6*w - 10. Calculate the remainder when p is divided by 9.
8
Suppose -23 + 29 = 2*d. Let m be ((-2)/6)/(1/(-6)). Suppose h + m*x - 8 = 0, 0 = -3*x + 6. Calculate the remainder when h is divided by d.
1
Let v = -12 + 8. Calculate the remainder when (3/6)/(v/(-456)) is divided by 15.
12
Let r(d) = -4 + 2*d - 2 + d**2 + 4*d. What is the remainder when r(4) is divided by 12?
10
Suppose -l = -18 - 7. Let n = l - -18. Calculate the remainder when n is divided by 15.
13
Suppose 12 = -10*u + 8*u. Let i(t) = -10*t + 7. Calculate the remainder when i(u) is divided by 17.
16
Let n = 242 - 163. What is the remainder when n is divided by 27?
25
Suppose -116 = -8*u + 220. What is the remainder when u is divided by 23?
19
Suppose u - 4*y = -1, u - 2 = y + 6. Let b = -1 + 9. What is the remainder when u is divided by 4*3*2/b?
2
Suppose 3*j = 7*j - 8. Suppose l = j, -4*g = -0*l + 2*l - 232. Calculate the remainder when g is divided by 15.
12
Let f(p) be the second derivative of 4*p**3/3 - 11*p**2 - 4*p. What is the remainder when f(15) is divided by 25?
23
Let s(n) = 4*n**2 - 3. Calculate the remainder when s(2) is divided by 4.
1
Calculate the remainder when -1*((-141)/(-6))/(1/(-2)) is divided by 17.
13
Let c = -3 + 2. Let r be ((-2)/6)/(c/(-21)). Let y(v) = -v**2 - 10*v - 10. Calculate the remainder when 20 is divided by y(r).
9
Let o be (6/8)/((-2)/(-48)). Let w = -7 + o. Let m(l) = 21*l**3 - 12*l + 11. Calculate the remainder when m(1) is divided by w.
9
Let h = 35 - 62. Suppose -4*b - 21 = -85. What is the remainder when b is divided by (0 + 1)/((-3)/h)?
7
Let c = -38 - -123. Let i = c + -60. Let n = -16 + 29. What is the remainder when i is divided by n?
12
Let q(w) = w**2 + 6*w - 2. Let a be (24/(-16))/((-6)/(-32)). What is the remainder when q(a) is divided by 4?
2
Let j = -2 - -4. Calculate the remainder when 19 is divided by j/(2 + (-12)/7).
5
Let z(m) = -5*m**3 - 2*m**2 + 2*m - 5. Calculate the remainder when z(-3) is divided by 29.
19
Let t(f) = -2*f**3 - 2*f**2 - 3*f. Calculate the remainder when t(-3) is divided by (-2)/(-5) + 78/5.
13
Calculate the remainder when ((-3 + 6)/(-3))/(4/(-76)) is divided by 7.
5
Suppose -3 = -3*l, d - 1 = -5*l + 19. What is the remainder when 28 is divided by d?
13
Let g = 9 - 14. Let f = 3 - g. Let a = 67 - 52. Calculate the remainder when a is divided by f.
7
Suppose b + 12 = u - 2, -b - 52 = -3*u. Suppose -5*w = -2*y - 557, -3 = 4*y - y. Suppose 4*p - w = 33. What is the remainder when p is divided by u?
17
Let r = 15 + -21. Let m = 11 + r. Let t = -6 + 20. What is the remainder when t is divided by m?
4
Suppose -5*b - 13 = 2. Let w = 0 - b. What is the remainder when 8 is divided by w?
2
Let g(h) = 2*h - 23. Calculate the remainder when 133 is divided by g(20).
14
Suppose -2*u + 8 = 2*u. Let p be -1 - 1/(u/(-8)). Suppose 0 = f + 4, -4*d - 7*f + p*f - 4 = 0. What is the remainder when 7 is divided by d?
1
Suppose 0 = 4*a + 5*x - 9 - 11, 4*a - 3*x = 52. Let g(k) = -k + 1 + 5 + 3*k. What is the remainder when g(6) is divided by a?
8
Let t(n) = -n**2 + 7*n + 9. What is the remainder when 16 is divided by t(7)?
7
Suppose k - 3*n + 8 = 21, -k = -2*n - 8. Let a = -1 - k. What is the remainder when 2 is divided by a?
0
Let o(v) = v**2 + 2*v + 1. Let a = 25 + -12. What is the remainder when o(7) is divided by a?
12
Suppose -3*z + r + 25 = 0, -z - z - 6 = 5*r. Let b be (-1 - 1 - -14) + -2. Let p = b - 6. Calculate the remainder when z is divided by p.
3
Let z = 27 - -4. Suppose -x + 3*o + 17 = 3*x, -o = 4*x - 37. Calculate the remainder when z is divided by x.
7
Suppose -3*a + 2*r = -15, -r + 0 = 2*a - 3. Suppose -30 - 3 = -a*k. What is the remainder when 30 is divided by k?
8
Suppose -7*r = -11*r + 284. What is the remainder when r is divided by 21?